 are the prime factors of 113222?
2, 56611
List the prime factors of 142.
2, 71
What are the prime factors of 10896?
2, 3, 227
List the prime factors of 7138.
2, 43, 83
What are the prime factors of 22377?
3, 7459
List the prime factors of 1986.
2, 3, 331
List the prime factors of 3449.
3449
List the prime factors of 15797.
15797
What are the prime factors of 35228?
2, 8807
List the prime factors of 5072.
2, 317
What are the prime factors of 1268?
2, 317
List the prime factors of 20582.
2, 41, 251
What are the prime factors of 455?
5, 7, 13
What are the prime factors of 26534?
2, 13267
What are the prime factors of 1151?
1151
List the prime factors of 16217.
16217
List the prime factors of 10341.
3, 383
List the prime factors of 1442.
2, 7, 103
List the prime factors of 21899.
61, 359
List the prime factors of 1697.
1697
List the prime factors of 23940.
2, 3, 5, 7, 19
List the prime factors of 3886.
2, 29, 67
What are the prime factors of 19187?
7, 2741
What are the prime factors of 32?
2
List the prime factors of 13388.
2, 3347
List the prime factors of 20803.
71, 293
What are the prime factors of 6879?
3, 2293
List the prime factors of 30846.
2, 3, 53, 97
List the prime factors of 19817.
7, 19, 149
List the prime factors of 4177.
4177
What are the prime factors of 180?
2, 3, 5
What are the prime factors of 7969?
13, 613
List the prime factors of 10.
2, 5
List the prime factors of 49458.
2, 3, 8243
What are the prime factors of 1794?
2, 3, 13, 23
List the prime factors of 7311.
3, 2437
What are the prime factors of 881?
881
List the prime factors of 209792.
2, 11, 149
List the prime factors of 10035.
3, 5, 223
What are the prime factors of 289?
17
What are the prime factors of 22024?
2, 2753
What are the prime factors of 29879?
29879
List the prime factors of 3837.
3, 1279
List the prime factors of 3460.
2, 5, 173
List the prime factors of 1305.
3, 5, 29
What are the prime factors of 478?
2, 239
List the prime factors of 7851.
3, 2617
What are the prime factors of 1742?
2, 13, 67
List the prime factors of 9793.
7, 1399
What are the prime factors of 7961?
19, 419
List the prime factors of 15302.
2, 7, 1093
What are the prime factors of 1245?
3, 5, 83
What are the prime factors of 1134?
2, 3, 7
List the prime factors of 1301.
1301
What are the prime factors of 8979?
3, 41, 73
List the prime factors of 1600.
2, 5
List the prime factors of 969.
3, 17, 19
List the prime factors of 495.
3, 5, 11
What are the prime factors of 5329?
73
What are the prime factors of 53?
53
What are the prime factors of 2634?
2, 3, 439
What are the prime factors of 593?
593
List the prime factors of 3287.
19, 173
What are the prime factors of 5665?
5, 11, 103
What are the prime factors of 7565?
5, 17, 89
What are the prime factors of 4760?
2, 5, 7, 17
List the prime factors of 30159.
3, 1117
What are the prime factors of 178?
2, 89
List the prime factors of 2526.
2, 3, 421
List the prime factors of 552.
2, 3, 23
List the prime factors of 1793.
11, 163
List the prime factors of 4325.
5, 173
List the prime factors of 594.
2, 3, 11
What are the prime factors of 4928?
2, 7, 11
What are the prime factors of 6477?
3, 17, 127
What are the prime factors of 880?
2, 5, 11
List the prime factors of 53521.
13, 23, 179
List the prime factors of 34311.
3, 11437
What are the prime factors of 1886?
2, 23, 41
What are the prime factors of 1811?
1811
List the prime factors of 37599.
3, 83, 151
List the prime factors of 8997.
3, 2999
What are the prime factors of 5436?
2, 3, 151
What are the prime factors of 2637?
3, 293
List the prime factors of 888.
2, 3, 37
What are the prime factors of 131524?
2, 131, 251
What are the prime factors of 184724?
2, 46181
What are the prime factors of 18177?
3, 73, 83
What are the prime factors of 11322?
2, 3, 17, 37
List the prime factors of 1891.
31, 61
What are the prime factors of 768?
2, 3
What are the prime factors of 11125?
5, 89
List the prime factors of 3242.
2, 1621
What are the prime factors of 2451?
3, 19, 43
List the prime factors of 59027.
67, 881
List the prime factors of 21178.
2, 10589
List the prime factors of 43918.
2, 7, 3137
What are the prime factors of 3606?
2, 3, 601
List the prime factors of 2652.
2, 3, 13, 17
List the prime factors of 1171.
1171
List the prime factors of 737.
11, 67
List the prime factors of 18236.
2, 47, 97
What are the prime factors of 810?
2, 3, 5
What are the prime factors of 7024?
2, 439
List the prime factors of 737.
11, 67
What are the prime factors of 2094?
2, 3, 349
List the prime factors of 4015.
5, 11, 73
List the prime factors of 1667.
1667
What are the prime factors of 12087?
3, 17, 79
What are the prime factors of 1810?
2, 5, 181
List the prime factors of 1232.
2, 7, 11
List the prime factors of 4816.
2, 7, 43
What are the prime factors of 3262?
2, 7, 233
What are the prime factors of 24217?
61, 397
List the prime factors of 220.
2, 5, 11
List the prime factors of 13279.
7, 271
List the prime factors of 425.
5, 17
What are the prime factors of 4381?
13, 337
What are the prime factors of 906?
2, 3, 151
What are the prime factors of 4568?
2, 571
What are the prime factors of 18182?
2, 9091
What are the prime factors of 19420?
2, 5, 971
List the prime factors of 1852.
2, 463
List the prime factors of 54922.
2, 7, 3923
What are the prime factors of 96500?
2, 5, 193
What are the prime factors of 186568?
2, 23321
What are the prime factors of 5265?
3, 5, 13
List the prime factors of 26134.
2, 73, 179
List the prime factors of 113190.
2, 3, 5, 7, 11
List the prime factors of 30928.
2, 1933
What are the prime factors of 66038?
2, 7, 53, 89
List the prime factors of 600.
2, 3, 5
What are the prime factors of 1381?
1381
List the prime factors of 51687.
3, 5743
What are the prime factors of 83728?
2, 5233
What are the prime factors of 20995?
5, 13, 17, 19
What are the prime factors of 258?
2, 3, 43
List the prime factors of 2095.
5, 419
What are the prime factors of 535?
5, 107
List the prime factors of 3518.
2, 1759
List the prime factors of 39353.
23, 29, 59
List the prime factors of 2434.
2, 1217
What are the prime factors of 80734?
2, 37, 1091
What are the prime factors of 8103?
3, 37, 73
What are the prime factors of 3121?
3121
List the prime factors of 212.
2, 53
What are the prime factors of 2665?
5, 13, 41
List the prime factors of 19750.
2, 5, 79
What are the prime factors of 1399?
1399
List the prime factors of 1125.
3, 5
What are the prime factors of 52870?
2, 5, 17, 311
What are the prime factors of 39025?
5, 7, 223
What are the prime factors of 207?
3, 23
What are the prime factors of 762?
2, 3, 127
What are the prime factors of 6828?
2, 3, 569
What are the prime factors of 1308?
2, 3, 109
What are the prime factors of 1641?
3, 547
List the prime factors of 654.
2, 3, 109
What are the prime factors of 7216?
2, 11, 41
What are the prime factors of 108?
2, 3
What are the prime factors of 3375?
3, 5
List the prime factors of 10365.
3, 5, 691
What are the prime factors of 85?
5, 17
What are the prime factors of 2513?
7, 359
List the prime factors of 1840.
2, 5, 23
What are the prime factors of 1559?
1559
What are the prime factors of 16200?
2, 3, 5
List the prime factors of 7223.
31, 233
List the prime factors of 97927.
97927
List the prime factors of 43540.
2, 5, 7, 311
What are the prime factors of 1143?
3, 127
List the prime factors of 124278.
2, 3, 7, 11, 269
What are the prime factors of 2474?
2, 1237
What are the prime factors of 7557?
3, 11, 229
What are the prime factors of 575?
5, 23
List the prime factors of 4183.
47, 89
What are the prime factors of 1447?
1447
What are the prime factors of 28897?
11, 37, 71
What are the prime factors of 6185?
5, 1237
List the prime factors of 246.
2, 3, 41
List the prime factors of 1176.
2, 3, 7
List the prime factors of 34365.
3, 5, 29, 79
What are the prime factors of 2006?
2, 17, 59
What are the prime factors of 5622?
2, 3, 937
What are the prime factors of 23938?
2, 11969
List the prime factors of 3346.
2, 7, 239
What are the prime factors of 3949?
11, 359
List the prime factors of 2989.
7, 61
List the prime factors of 998.
2, 499
List the prime factors of 2186.
2, 1093
What are the prime factors of 5579?
7, 797
What are the prime factors of 18577